ons digit of 105957997?
1
What is the hundreds digit of 195091298?
2
What is the ten thousands digit of 249596355?
9
What is the hundred thousands digit of 51824718?
8
What is the units digit of 170611921?
1
What is the ten millions digit of 584764206?
8
What is the ten thousands digit of 176368626?
6
What is the tens digit of 483731475?
7
What is the tens digit of 45451645?
4
What is the ten thousands digit of 98652968?
5
What is the tens digit of 619924587?
8
What is the hundred thousands digit of 22972201?
9
What is the ten millions digit of 1886560698?
8
What is the hundred millions digit of 1649013856?
6
What is the billions digit of 1224194195?
1
What is the ten thousands digit of 511958527?
5
What is the units digit of 11026228?
8
What is the millions digit of 13250655?
3
What is the hundred millions digit of 225805049?
2
What is the ten thousands digit of 106490218?
9
What is the ten thousands digit of 1042124117?
2
What is the ten thousands digit of 328078042?
7
What is the millions digit of 653277694?
3
What is the units digit of 154171131?
1
What is the ten millions digit of 124952806?
2
What is the tens digit of 121795336?
3
What is the tens digit of 3098627051?
5
What is the hundreds digit of 1331989418?
4
What is the hundred thousands digit of 41429399?
4
What is the hundred thousands digit of 41945073?
9
What is the hundred millions digit of 461417023?
4
What is the millions digit of 151498507?
1
What is the units digit of 327680204?
4
What is the units digit of 68787066?
6
What is the millions digit of 4555267581?
5
What is the hundred thousands digit of 83282129?
2
What is the thousands digit of 44610587?
0
What is the millions digit of 917959794?
7
What is the hundreds digit of 1236820979?
9
What is the hundred thousands digit of 90453106?
4
What is the units digit of 38011221?
1
What is the units digit of 1107551700?
0
What is the hundred thousands digit of 114437176?
4
What is the millions digit of 58081513?
8
What is the ten millions digit of 67081439?
6
What is the thousands digit of 6531989909?
9
What is the ten millions digit of 1037560627?
3
What is the hundred thousands digit of 31860457?
8
What is the hundreds digit of 94117095?
0
What is the hundred millions digit of 766379564?
7
What is the tens digit of 2918358410?
1
What is the hundred millions digit of 5161399022?
1
What is the hundreds digit of 151433260?
2
What is the hundreds digit of 724577490?
4
What is the units digit of 1738416628?
8
What is the tens digit of 429150918?
1
What is the thousands digit of 34501302?
1
What is the hundreds digit of 1817481145?
1
What is the tens digit of 2682149084?
8
What is the units digit of 49557976?
6
What is the hundred thousands digit of 4351719353?
7
What is the hundreds digit of 28103316?
3
What is the hundred thousands digit of 74460425?
4
What is the millions digit of 6156418?
6
What is the hundred thousands digit of 242199288?
1
What is the units digit of 287376135?
5
What is the ten thousands digit of 40569330?
6
What is the units digit of 1435389716?
6
What is the hundred millions digit of 1526771494?
5
What is the ten thousands digit of 98376628?
7
What is the thousands digit of 181866225?
6
What is the ten millions digit of 19717982?
1
What is the millions digit of 23848987?
3
What is the tens digit of 32916199?
9
What is the millions digit of 1284036986?
4
What is the tens digit of 64666079?
7
What is the tens digit of 54471419?
1
What is the tens digit of 479069230?
3
What is the millions digit of 2805634359?
5
What is the hundred thousands digit of 2056526572?
5
What is the thousands digit of 93763979?
3
What is the ten millions digit of 388160118?
8
What is the hundred thousands digit of 59339896?
3
What is the ten millions digit of 276453087?
7
What is the hundreds digit of 27602139?
1
What is the hundred millions digit of 1486889069?
4
What is the tens digit of 117259661?
6
What is the tens digit of 142724174?
7
What is the thousands digit of 2337371982?
1
What is the ten thousands digit of 1744806989?
0
What is the hundreds digit of 44511878?
8
What is the thousands digit of 536409?
6
What is the hundred thousands digit of 177650932?
6
What is the ten millions digit of 5873359402?
7
What is the ten millions digit of 277903738?
7
What is the units digit of 178083368?
8
What is the hundreds digit of 591970?
9
What is the hundred thousands digit of 301436534?
4
What is the units digit of 581630637?
7
What is the hundred millions digit of 102073955?
1
What is the ten thousands digit of 128626745?
2
What is the ten millions digit of 26680030?
2
What is the hundreds digit of 41931097?
0
What is the hundred thousands digit of 144337164?
3
What is the hundred millions digit of 3767500389?
7
What is the thousands digit of 664500504?
0
What is the thousands digit of 1098900621?
0
What is the billions digit of 2590524990?
2
What is the hundreds digit of 309279817?
8
What is the thousands digit of 7053453343?
3
What is the units digit of 370921617?
7
What is the millions digit of 121070391?
1
What is the hundreds digit of 1246992847?
8
What is the tens digit of 230118636?
3
What is the ten millions digit of 43921107?
4
What is the ten thousands digit of 1054317436?
1
What is the hundreds digit of 90651147?
1
What is the hundred millions digit of 652225852?
6
What is the ten millions digit of 45510237?
4
What is the ten millions digit of 471076202?
7
What is the millions digit of 188642705?
8
What is the thousands digit of 199174791?
4
What is the thousands digit of 430214446?
4
What is the ten thousands digit of 36736436?
3
What is the thousands digit of 189604867?
4
What is the hundred millions digit of 538954879?
5
What is the ten thousands digit of 950016095?
1
What is the millions digit of 119714846?
9
What is the units digit of 713146308?
8
What is the hundreds digit of 2503362735?
7
What is the tens digit of 54640356?
5
What is the hundred millions digit of 1434272599?
4
What is the units digit of 698091021?
1
What is the ten millions digit of 7924952535?
2
What is the hundreds digit of 109018664?
6
What is the units digit of 1685035903?
3
What is the units digit of 136442760?
0
What is the units digit of 88471412?
2
What is the tens digit of 415534402?
0
What is the ten thousands digit of 1824270?
2
What is the hundred millions digit of 6709962242?
7
What is the units digit of 3244593487?
7
What is the ten thousands digit of 4657204593?
0
What is the units digit of 137537545?
5
What is the units digit of 24640702?
2
What is the hundred thousands digit of 1479744797?
7
What is the hundred thousands digit of 25420572?
4
What is the units digit of 234998243?
3
What is the hundred thousands digit of 4177902843?
9
What is the units digit of 253271178?
8
What is the hundred thousands digit of 62478471?
4
What is the hundred millions digit of 999941688?
9
What is the hundred thousands digit of 172141174?
1
What is the ten millions digit of 375149853?
7
What is the millions digit of 492209206?
2
What is the hundred thousands digit of 126739439?
7
What is the hundreds digit of 18469721?
7
What is the hundred thousands digit of 44039919?
0
What is the billions digit of 2179113280?
2
What is the tens digit of 7789724645?
4
What is the hundreds digit of 56052564?
5
What is the hundreds digit of 3055152926?
9
What is the billions digit of 7378125965?
7
What is the tens digit of 36243635?
3
What is the thousands digit of 3131463306?
3
What is the units digit of 137538330?
0
What is the millions digit of 45484188?
5
What is the hundreds digit of 857192622?
6
What is the ten thousands digit of 65525185?
2
What is the ten millions digit of 5107529208?
0
What is the hundreds digit of 154930883?
8
What is the hundred thousands digit of 49200963?
2
What is the hundred thousands digit of 302965524?
9
What is the ten millions digit of 54756016?
5
What is the billions digit of 2145670443?
2
What is the hundred thousands digit of 83713701?
7
What is the ten thousands digit of 133782322?
8
What is the hundreds digit of 16002655?
6
What is the units digit of 499955839?
9
What is the millions digit of 18794374?
8
What is the ten millions digit of 2231000066?
3
What is the ten thousands digit of 29754661?
5
What is the tens digit o